{"id":42,"date":"2018-03-29T22:27:43","date_gmt":"2018-03-29T20:27:43","guid":{"rendered":"http:\/\/desinvolte-design.fr\/?page_id=42"},"modified":"2019-02-13T18:50:15","modified_gmt":"2019-02-13T17:50:15","slug":"collection","status":"publish","type":"page","link":"https:\/\/desinvolte-design.fr\/index.php\/collection\/","title":{"rendered":"Collection"},"content":{"rendered":"<p>[et_pb_section fb_built=\u00a0\u00bb1&Prime; admin_label=\u00a0\u00bbsection\u00a0\u00bb _builder_version=\u00a0\u00bb3.19.14&Prime; custom_padding=\u00a0\u00bb31px|0|30px|0px|false|false\u00a0\u00bb][et_pb_row custom_padding=\u00a0\u00bb3px|0px|0|0px\u00a0\u00bb _builder_version=\u00a0\u00bb3.0.106&Prime;][et_pb_column type=\u00a0\u00bb4_4&Prime; _builder_version=\u00a0\u00bb3.0.106&Prime;][et_pb_text _builder_version=\u00a0\u00bb3.0.106&Prime; inline_fonts=\u00a0\u00bbDidact Gothic\u00a0\u00bb]<\/p>\n<h2 style=\"text-align: left;\"><span style=\"font-family: 'Didact Gothic'; font-weight: normal; color: #000000;\"><strong>La Collection First :\u00a0<\/strong><\/span><\/h2>\n<div style=\"text-align: left;\">\n<div dir=\"ltr\"><span style=\"font-size: large; color: #000000;\"><span style=\"font-family: 'Didact Gothic';\">Elle est n\u00e9e dans l\u2019urgence, \u00e0 un tournant o\u00f9 il fallait faire un choix.<\/span><\/span><\/div>\n<div dir=\"ltr\"><span style=\"font-size: large; color: #000000;\"><span style=\"font-family: 'Didact Gothic';\">Celui de se recentrer sur ses envies et de se structurer.<\/span><\/span><\/div>\n<div dir=\"ltr\"><span style=\"font-size: large; color: #000000;\"><span style=\"font-family: 'Didact Gothic';\">D\u00e9cider des formes, des mati\u00e8res et des couleurs pour aboutir \u00e0 un m\u00eame fil conducteur.<\/span><\/span><\/div>\n<div dir=\"ltr\"><span style=\"font-size: large; color: #000000;\"><span style=\"font-family: 'Didact Gothic';\">Les artisans sont ensuite intervenus, travaillant en \u00e9quipe pour son aboutissement.<\/span><\/span><\/div>\n<\/div>\n<p>[\/et_pb_text][\/et_pb_column][\/et_pb_row][et_pb_row custom_padding=\u00a0\u00bb0|0px|24px|0px\u00a0\u00bb admin_label=\u00a0\u00bbrow\u00a0\u00bb _builder_version=\u00a0\u00bb3.0.47&Prime; background_size=\u00a0\u00bbinitial\u00a0\u00bb background_position=\u00a0\u00bbtop_left\u00a0\u00bb background_repeat=\u00a0\u00bbrepeat\u00a0\u00bb][et_pb_column type=\u00a0\u00bb1_4&Prime; _builder_version=\u00a0\u00bb3.0.47&Prime;][et_pb_image src=\u00a0\u00bbhttp:\/\/desinvolte-design.fr\/wp-content\/uploads\/2018\/04\/buffet-1.jpg\u00a0\u00bb url=\u00a0\u00bbhttp:\/\/desinvolte-design.fr\/index.php\/buffet\/\u00a0\u00bb _builder_version=\u00a0\u00bb3.0.106&Prime; custom_margin=\u00a0\u00bb70px|||\u00a0\u00bb][\/et_pb_image][\/et_pb_column][et_pb_column type=\u00a0\u00bb1_4&Prime; _builder_version=\u00a0\u00bb3.0.47&Prime;][et_pb_image src=\u00a0\u00bbhttp:\/\/desinvolte-design.fr\/wp-content\/uploads\/2018\/04\/meuble-2.jpg\u00a0\u00bb url=\u00a0\u00bbhttp:\/\/desinvolte-design.fr\/index.php\/cubes\/\u00a0\u00bb _builder_version=\u00a0\u00bb3.0.106&Prime; module_alignment=\u00a0\u00bbcenter\u00a0\u00bb custom_margin=\u00a0\u00bb135px|||\u00a0\u00bb][\/et_pb_image][\/et_pb_column][et_pb_column type=\u00a0\u00bb1_4&Prime; _builder_version=\u00a0\u00bb3.0.47&Prime;][et_pb_image src=\u00a0\u00bbhttp:\/\/desinvolte-design.fr\/wp-content\/uploads\/2018\/04\/Gueridon-1.jpg\u00a0\u00bb url=\u00a0\u00bbhttp:\/\/desinvolte-design.fr\/index.php\/gueridon\/\u00a0\u00bb show_bottom_space=\u00a0\u00bboff\u00a0\u00bb _builder_version=\u00a0\u00bb3.0.106&Prime; max_width=\u00a0\u00bb73%\u00a0\u00bb custom_margin=\u00a0\u00bb60px|||\u00a0\u00bb][\/et_pb_image][\/et_pb_column][et_pb_column type=\u00a0\u00bb1_4&Prime; _builder_version=\u00a0\u00bb3.0.47&Prime;][et_pb_image src=\u00a0\u00bbhttp:\/\/desinvolte-design.fr\/wp-content\/uploads\/2018\/04\/table-basse-1.jpg\u00a0\u00bb url=\u00a0\u00bbhttp:\/\/desinvolte-design.fr\/index.php\/table\/\u00a0\u00bb show_bottom_space=\u00a0\u00bboff\u00a0\u00bb _builder_version=\u00a0\u00bb3.0.106&Prime; custom_margin=\u00a0\u00bb105px|||\u00a0\u00bb][\/et_pb_image][\/et_pb_column][\/et_pb_row][et_pb_row custom_padding=\u00a0\u00bb0|0px|3px|0px|false|false\u00a0\u00bb _builder_version=\u00a0\u00bb3.0.106&Prime;][et_pb_column type=\u00a0\u00bb1_4&Prime; _builder_version=\u00a0\u00bb3.0.106&Prime;][et_pb_image src=\u00a0\u00bbhttp:\/\/desinvolte-design.fr\/wp-content\/uploads\/2018\/04\/Table-basse-2.jpg\u00a0\u00bb url=\u00a0\u00bbhttp:\/\/desinvolte-design.fr\/index.php\/table\/\u00a0\u00bb _builder_version=\u00a0\u00bb3.0.106&Prime; max_width=\u00a0\u00bb87%\u00a0\u00bb][\/et_pb_image][\/et_pb_column][et_pb_column type=\u00a0\u00bb1_4&Prime; _builder_version=\u00a0\u00bb3.0.106&Prime;][et_pb_image src=\u00a0\u00bbhttp:\/\/desinvolte-design.fr\/wp-content\/uploads\/2018\/04\/console-haute-dor\u00e9e-noire.jpg\u00a0\u00bb url=\u00a0\u00bbhttp:\/\/desinvolte-design.fr\/index.php\/console\/\u00a0\u00bb show_bottom_space=\u00a0\u00bboff\u00a0\u00bb align=\u00a0\u00bbcenter\u00a0\u00bb _builder_version=\u00a0\u00bb3.0.106&Prime;][\/et_pb_image][\/et_pb_column][et_pb_column type=\u00a0\u00bb1_4&Prime; _builder_version=\u00a0\u00bb3.0.106&Prime;][et_pb_image src=\u00a0\u00bbhttp:\/\/desinvolte-design.fr\/wp-content\/uploads\/2018\/12\/Sofa-2.jpg\u00a0\u00bb _builder_version=\u00a0\u00bb3.19.14&Prime; max_width=\u00a0\u00bb87%\u00a0\u00bb url=\u00a0\u00bbhttp:\/\/desinvolte-design.fr\/index.php\/canape-2\/\u00a0\u00bb][\/et_pb_image][\/et_pb_column][et_pb_column type=\u00a0\u00bb1_4&Prime; _builder_version=\u00a0\u00bb3.0.106&Prime;][et_pb_image src=\u00a0\u00bbhttp:\/\/desinvolte-design.fr\/wp-content\/uploads\/2018\/04\/meuble-4.jpg\u00a0\u00bb url=\u00a0\u00bbhttp:\/\/desinvolte-design.fr\/index.php\/objets-deco\/\u00a0\u00bb _builder_version=\u00a0\u00bb3.0.106&Prime;][\/et_pb_image][\/et_pb_column][\/et_pb_row][et_pb_row _builder_version=\u00a0\u00bb3.0.106&Prime;][et_pb_column type=\u00a0\u00bb1_3&Prime; _builder_version=\u00a0\u00bb3.0.106&Prime;][et_pb_image src=\u00a0\u00bbhttp:\/\/desinvolte-design.fr\/wp-content\/uploads\/2018\/04\/Fauteuil-1.jpg\u00a0\u00bb url=\u00a0\u00bbhttp:\/\/desinvolte-design.fr\/index.php\/fauteuil\/\u00a0\u00bb _builder_version=\u00a0\u00bb3.0.106&Prime;][\/et_pb_image][\/et_pb_column][et_pb_column type=\u00a0\u00bb1_3&Prime; _builder_version=\u00a0\u00bb3.0.106&Prime;][et_pb_image src=\u00a0\u00bbhttp:\/\/desinvolte-design.fr\/wp-content\/uploads\/2018\/04\/pouf-2.jpg\u00a0\u00bb url=\u00a0\u00bbhttp:\/\/desinvolte-design.fr\/index.php\/canape\/\u00a0\u00bb align=\u00a0\u00bbcenter\u00a0\u00bb _builder_version=\u00a0\u00bb3.0.106&Prime; custom_margin=\u00a0\u00bb38px|||\u00a0\u00bb][\/et_pb_image][\/et_pb_column][et_pb_column type=\u00a0\u00bb1_3&Prime; _builder_version=\u00a0\u00bb3.0.106&Prime;][et_pb_image src=\u00a0\u00bbhttp:\/\/desinvolte-design.fr\/wp-content\/uploads\/2018\/04\/commode-et-chevet.jpg\u00a0\u00bb url=\u00a0\u00bbhttp:\/\/desinvolte-design.fr\/index.php\/commode\/\u00a0\u00bb _builder_version=\u00a0\u00bb3.0.106&Prime; max_width=\u00a0\u00bb68%\u00a0\u00bb module_alignment=\u00a0\u00bbcenter\u00a0\u00bb custom_margin=\u00a0\u00bb40px|||\u00a0\u00bb][\/et_pb_image][\/et_pb_column][\/et_pb_row][\/et_pb_section]<\/p>\n","protected":false},"excerpt":{"rendered":"<p>[et_pb_section fb_built=\u00a0\u00bb1&Prime; admin_label=\u00a0\u00bbsection\u00a0\u00bb _builder_version=\u00a0\u00bb3.19.14&Prime; custom_padding=\u00a0\u00bb31px|0|30px|0px|false|false\u00a0\u00bb][et_pb_row custom_padding=\u00a0\u00bb3px|0px|0|0px\u00a0\u00bb _builder_version=\u00a0\u00bb3.0.106&Prime;][et_pb_column type=\u00a0\u00bb4_4&Prime; _builder_version=\u00a0\u00bb3.0.106&Prime;][et_pb_text _builder_version=\u00a0\u00bb3.0.106&Prime; inline_fonts=\u00a0\u00bbDidact Gothic\u00a0\u00bb] La Collection First :\u00a0 Elle est n\u00e9e dans l\u2019urgence, \u00e0 un tournant o\u00f9 il fallait faire un choix. Celui de se recentrer sur ses envies et de se structurer. D\u00e9cider des formes, des mati\u00e8res et des couleurs pour aboutir \u00e0 un m\u00eame fil [&hellip;]<\/p>\n","protected":false},"author":1,"featured_media":0,"parent":0,"menu_order":0,"comment_status":"closed","ping_status":"closed","template":"","meta":{"_et_pb_use_builder":"on","_et_pb_old_content":"","_et_gb_content_width":""},"yoast_head":"<!-- This site is optimized with the Yoast SEO plugin v15.5 - https:\/\/yoast.com\/wordpress\/plugins\/seo\/ -->\n<title>Collection - Desinvolte-design<\/title>\n<meta name=\"robots\" content=\"index, follow, max-snippet:-1, max-image-preview:large, max-video-preview:-1\" \/>\n<link rel=\"canonical\" href=\"https:\/\/desinvolte-design.fr\/index.php\/collection\/\" \/>\n<meta property=\"og:locale\" content=\"fr_FR\" \/>\n<meta property=\"og:type\" content=\"article\" \/>\n<meta property=\"og:title\" content=\"Collection - Desinvolte-design\" \/>\n<meta property=\"og:description\" content=\"[et_pb_section fb_built=\u00a0\u00bb1&Prime; admin_label=\u00a0\u00bbsection\u00a0\u00bb _builder_version=\u00a0\u00bb3.19.14&Prime; custom_padding=\u00a0\u00bb31px|0|30px|0px|false|false\u00a0\u00bb][et_pb_row custom_padding=\u00a0\u00bb3px|0px|0|0px\u00a0\u00bb _builder_version=\u00a0\u00bb3.0.106&Prime;][et_pb_column type=\u00a0\u00bb4_4&Prime; _builder_version=\u00a0\u00bb3.0.106&Prime;][et_pb_text _builder_version=\u00a0\u00bb3.0.106&Prime; inline_fonts=\u00a0\u00bbDidact Gothic\u00a0\u00bb] La Collection First :\u00a0 Elle est n\u00e9e dans l\u2019urgence, \u00e0 un tournant o\u00f9 il fallait faire un choix. Celui de se recentrer sur ses envies et de se structurer. D\u00e9cider des formes, des mati\u00e8res et des couleurs pour aboutir \u00e0 un m\u00eame fil [&hellip;]\" \/>\n<meta property=\"og:url\" content=\"https:\/\/desinvolte-design.fr\/index.php\/collection\/\" \/>\n<meta property=\"og:site_name\" content=\"Desinvolte-design\" \/>\n<meta property=\"article:publisher\" content=\"https:\/\/www.facebook.com\/D%c3%a9sinvolte-Design-424288104686651\/\" \/>\n<meta property=\"article:modified_time\" content=\"2019-02-13T17:50:15+00:00\" \/>\n<meta name=\"twitter:card\" content=\"summary_large_image\" \/>\n<meta name=\"twitter:label1\" content=\"Dur\u00e9e de lecture est.\">\n\t<meta name=\"twitter:data1\" content=\"2 minutes\">\n<script type=\"application\/ld+json\" class=\"yoast-schema-graph\">{\"@context\":\"https:\/\/schema.org\",\"@graph\":[{\"@type\":\"Organization\",\"@id\":\"https:\/\/desinvolte-design.fr\/#organization\",\"name\":\"Desinvolte-Design\",\"url\":\"https:\/\/desinvolte-design.fr\/\",\"sameAs\":[\"https:\/\/www.facebook.com\/D\\u00e9sinvolte-Design-424288104686651\/\"],\"logo\":{\"@type\":\"ImageObject\",\"@id\":\"https:\/\/desinvolte-design.fr\/#logo\",\"inLanguage\":\"fr-FR\",\"url\":\"https:\/\/desinvolte-design.fr\/wp-content\/uploads\/2018\/04\/logo-desinvolte-dor\\u00e9.png\",\"width\":531,\"height\":79,\"caption\":\"Desinvolte-Design\"},\"image\":{\"@id\":\"https:\/\/desinvolte-design.fr\/#logo\"}},{\"@type\":\"WebSite\",\"@id\":\"https:\/\/desinvolte-design.fr\/#website\",\"url\":\"https:\/\/desinvolte-design.fr\/\",\"name\":\"Desinvolte-design\",\"description\":\"By Isabelle Lebret\",\"publisher\":{\"@id\":\"https:\/\/desinvolte-design.fr\/#organization\"},\"potentialAction\":[{\"@type\":\"SearchAction\",\"target\":\"https:\/\/desinvolte-design.fr\/?s={search_term_string}\",\"query-input\":\"required name=search_term_string\"}],\"inLanguage\":\"fr-FR\"},{\"@type\":\"WebPage\",\"@id\":\"https:\/\/desinvolte-design.fr\/index.php\/collection\/#webpage\",\"url\":\"https:\/\/desinvolte-design.fr\/index.php\/collection\/\",\"name\":\"Collection - Desinvolte-design\",\"isPartOf\":{\"@id\":\"https:\/\/desinvolte-design.fr\/#website\"},\"datePublished\":\"2018-03-29T20:27:43+00:00\",\"dateModified\":\"2019-02-13T17:50:15+00:00\",\"inLanguage\":\"fr-FR\",\"potentialAction\":[{\"@type\":\"ReadAction\",\"target\":[\"https:\/\/desinvolte-design.fr\/index.php\/collection\/\"]}]}]}<\/script>\n<!-- \/ Yoast SEO plugin. -->","_links":{"self":[{"href":"https:\/\/desinvolte-design.fr\/index.php\/wp-json\/wp\/v2\/pages\/42"}],"collection":[{"href":"https:\/\/desinvolte-design.fr\/index.php\/wp-json\/wp\/v2\/pages"}],"about":[{"href":"https:\/\/desinvolte-design.fr\/index.php\/wp-json\/wp\/v2\/types\/page"}],"author":[{"embeddable":true,"href":"https:\/\/desinvolte-design.fr\/index.php\/wp-json\/wp\/v2\/users\/1"}],"replies":[{"embeddable":true,"href":"https:\/\/desinvolte-design.fr\/index.php\/wp-json\/wp\/v2\/comments?post=42"}],"version-history":[{"count":56,"href":"https:\/\/desinvolte-design.fr\/index.php\/wp-json\/wp\/v2\/pages\/42\/revisions"}],"predecessor-version":[{"id":837,"href":"https:\/\/desinvolte-design.fr\/index.php\/wp-json\/wp\/v2\/pages\/42\/revisions\/837"}],"wp:attachment":[{"href":"https:\/\/desinvolte-design.fr\/index.php\/wp-json\/wp\/v2\/media?parent=42"}],"curies":[{"name":"wp","href":"https:\/\/api.w.org\/{rel}","templated":true}]}}